is the greatest common divisor of 23676590 and 3290?
70
Calculate the highest common divisor of 44453683 and 1016.
127
Calculate the highest common factor of 156 and 13413296.
52
Calculate the greatest common divisor of 157707094 and 1808.
226
What is the highest common factor of 817827 and 6234993?
7503
What is the highest common divisor of 776 and 111030274?
194
Calculate the highest common factor of 1871084 and 319652.
2036
Calculate the greatest common factor of 391170 and 3208257.
663
What is the greatest common divisor of 117758 and 321710?
1214
Calculate the highest common divisor of 900 and 4285900.
100
What is the greatest common factor of 22282 and 324922?
26
What is the highest common divisor of 38736 and 2502776?
2152
What is the greatest common divisor of 318764 and 4348?
4
What is the highest common divisor of 1872920 and 280?
280
Calculate the highest common factor of 75650186 and 848.
106
What is the highest common divisor of 18 and 97967394?
18
What is the greatest common factor of 2207620 and 2752?
172
Calculate the greatest common factor of 34980814 and 44.
22
What is the highest common factor of 136 and 130196574?
34
Calculate the greatest common divisor of 164798894 and 3952.
494
What is the highest common factor of 60 and 21218?
2
What is the highest common factor of 68392343 and 38?
19
Calculate the greatest common factor of 681564 and 6656.
52
What is the greatest common divisor of 3106499829 and 813?
813
What is the highest common factor of 51167 and 1615?
19
What is the greatest common factor of 364945122 and 513?
513
What is the highest common factor of 2240288 and 3144?
8
What is the highest common factor of 11603670 and 1950?
390
Calculate the greatest common factor of 192960 and 11791665.
3015
What is the highest common divisor of 780 and 116105340?
780
What is the greatest common divisor of 10801 and 147217?
7
Calculate the highest common factor of 11930 and 28676141.
1193
Calculate the highest common factor of 108 and 857767050.
54
Calculate the greatest common divisor of 1460685300 and 25.
25
Calculate the greatest common factor of 19257472 and 71.
71
What is the highest common divisor of 9540 and 56223036?
1908
Calculate the greatest common factor of 10881 and 12753.
117
Calculate the highest common factor of 3260626 and 436.
218
Calculate the highest common divisor of 3021395 and 102037.
611
Calculate the highest common factor of 3904 and 1371322944.
3904
Calculate the greatest common factor of 189265 and 85.
5
What is the greatest common factor of 384 and 591586752?
192
What is the highest common divisor of 1074 and 1902?
6
Calculate the greatest common factor of 410 and 5946435.
205
What is the highest common factor of 3 and 342724677?
3
What is the greatest common divisor of 6724443 and 165?
33
What is the greatest common factor of 416367393 and 2802?
1401
Calculate the highest common factor of 45 and 31115853.
9
What is the highest common factor of 3938951 and 119?
17
What is the greatest common divisor of 245 and 2071210?
5
What is the greatest common divisor of 3686021 and 3365?
673
What is the highest common factor of 216 and 18403464?
24
Calculate the greatest common factor of 13129629 and 13386.
291
Calculate the highest common factor of 814254756 and 28.
28
What is the highest common divisor of 210 and 8305143?
21
What is the highest common divisor of 412691 and 246427?
2969
What is the greatest common divisor of 2283246 and 104769?
63
Calculate the greatest common divisor of 44 and 41034532.
44
What is the highest common divisor of 4215 and 11480255?
1405
What is the highest common factor of 318 and 1658317?
53
Calculate the highest common factor of 437373 and 1708911.
4509
What is the highest common factor of 92 and 14909014?
46
Calculate the greatest common factor of 686187 and 15552.
9
What is the greatest common factor of 973074612 and 3804?
3804
Calculate the greatest common divisor of 54085 and 1839557.
29
Calculate the highest common factor of 108 and 26296056.
108
Calculate the highest common factor of 3438879 and 1173.
51
What is the highest common divisor of 838 and 19458779?
419
Calculate the highest common divisor of 5051120 and 6592.
1648
Calculate the highest common divisor of 2607288 and 96.
24
Calculate the highest common divisor of 139955 and 40885115.
6085
Calculate the highest common factor of 143089 and 25211.
17
Calculate the highest common divisor of 118041 and 47300484.
1617
What is the greatest common factor of 83321532 and 252?
252
What is the highest common factor of 4023 and 29697339?
447
Calculate the highest common factor of 88 and 150202712.
88
Calculate the greatest common divisor of 11992504 and 31872.
664
Calculate the greatest common factor of 478 and 822638.
478
Calculate the highest common factor of 5453 and 1020654.
41
What is the highest common divisor of 185030433 and 1071?
63
What is the greatest common divisor of 426335 and 4160?
65
What is the greatest common factor of 62 and 21032818?
62
Calculate the greatest common factor of 3804 and 7894568.
1268
What is the greatest common factor of 11 and 3259124044?
11
What is the greatest common factor of 1343220 and 10614?
366
What is the greatest common factor of 1450 and 2182047725?
725
Calculate the highest common divisor of 407142799 and 8263.
8263
Calculate the highest common factor of 49745 and 25.
5
What is the greatest common divisor of 32797790 and 802?
802
Calculate the highest common factor of 834500 and 14100.
100
Calculate the greatest common factor of 11618 and 2879710.
74
What is the highest common divisor of 53019 and 4608?
9
Calculate the greatest common divisor of 47323 and 278536.
37
Calculate the highest common divisor of 1351485382 and 299.
299
What is the highest common divisor of 3879 and 21189684?
1293
What is the greatest common factor of 587025491 and 59046?
9841
What is the greatest common factor of 1180850 and 484?
22
What is the highest common divisor of 28641796 and 12?
4
What is the highest common factor of 66128 and 4464?
16
Calculate the greatest common factor of 63 and 15656172.
21
Calculate the highest common divisor of 3823354 and 248.
62
What is the highest common divisor of 162610435 and 65?
65
What is the greatest common divisor of 10 and 5243759?
1
Calculate the greatest common factor of 1629 and 9451820.
181
Calculate the highest common factor of 8970 and 266492490.
690
What is the greatest common factor of 353780 and 44672306?
5054
Calculate the highest common factor of 215085 and 645.
15
What is the highest common factor of 14116689 and 531?
9
Calculate the greatest common divisor of 429 and 17373213.
429
Calculate the greatest common factor of 174 and 10157250.
174
Calculate the highest common factor of 6820 and 113758964.
1364
Calculate the greatest common divisor of 395 and 432607555.
395
What is the highest common factor of 30 and 1655526?
6
What is the greatest common factor of 654840 and 439960?
680
What is the highest common divisor of 14058602 and 15914?
218
Calculate the greatest common divisor of 3584 and 54110336.
896
Calculate the greatest common divisor of 1695 and 349180735.
565
What is the highest common divisor of 296 and 379184510?
74
What is the highest common factor of 100577701 and 14?
7
What is the greatest common factor of 178368 and 3414?
6
Calculate the greatest common factor of 31495 and 166898304.
6299
What is the greatest common divisor of 2020524 and 52602?
66
Calculate the highest common divisor of 96786470 and 5.
5
What is the highest common factor of 140240 and 8130?
10
What is the highest common divisor of 1918200 and 64200?
600
Calculate the greatest common factor of 11154 and 346281.
507
Calculate the highest common factor of 31749200 and 3400.
3400
What is the greatest common divisor of 1964704 and 1831528?
1432
What is the highest common factor of 171 and 644328?
171
What is the highest common factor of 108 and 4130652?
12
Calculate the highest common factor of 132 and 100171599.
33
Calculate the highest common divisor of 30390985 and 986.
493
What is the greatest common divisor of 377265877 and 31?
31
What is the greatest common divisor of 95 and 10597649?
19
What is the greatest common divisor of 46154 and 5768122?
94
Calculate th